(-6)). Let y(q) = -m - 6 - 19*q + 35*q - 34*q. List the prime factors of y(-7).
109
Let v(t) = 3*t + 12*t**2 - 3 - 3*t + 5*t. List the prime factors of v(3).
2, 3, 5
Suppose 462*x = 501*x - 276705. What are the prime factors of x?
3, 5, 11, 43
Suppose 32*j + 12 = 35*j. Suppose -2*r + j*k = -1940, -6*r + 2*r - 4*k + 3868 = 0. List the prime factors of r.
2, 11
Let y be -4 + (-1 + -2 - -7). Suppose y = -13*d - 4981 + 18657. What are the prime factors of d?
2, 263
Suppose -5*o + 19 = 3*h, -6*o - 7 = -5*h - 2*o. Suppose -3*y - 15 = 0, -2*c - h*c + 365 = 2*y. Suppose -c + 32 = -n. List the prime factors of n.
43
Let p(f) = 2*f - 10. Let i be p(4). Let h be 4/12 + (i - 26/(-3)). Suppose -h*m - m + 1448 = 0. List the prime factors of m.
181
Let t = 400 + -378. What are the prime factors of (-1221)/(-4) + t/8 + -2?
2, 3, 17
Suppose -3*o - 639 = -2*r, -150 = o - 2*r + 59. Suppose 4*y - 3*n + 5*n = 1230, 0 = -5*y + n + 1527. Let m = y + o. List the prime factors of m.
7, 13
Suppose 5*p - 2*j - 64 + 167 = 0, -5*p - j - 106 = 0. Let k = p + 24. Suppose -2*g + 163 = -5*c, 313 = -g + 5*g + k*c. What are the prime factors of g?
79
Suppose -7*r + 1085 = -623. Let j = r - 214. What are the prime factors of j?
2, 3, 5
Let d(y) = -y**2 - 14*y + 18. Let u be d(-15). Let s = u - -39. Let c = s + 38. What are the prime factors of c?
2, 5
Let r be -5 + (1/6 - 50252/(-24)). Let g = r - 1443. What are the prime factors of g?
2, 17, 19
Let b(f) = 10*f**2 - 241*f + 235. What are the prime factors of b(37)?
2, 313
Let r = 3707 - -2212. List the prime factors of r.
3, 1973
Let d(o) be the first derivative of -2*o**3/3 + o**2 + 293*o - 67. List the prime factors of d(0).
293
Let k = 59 + -92. Let q(a) = -a**3 + 16*a**2 - 23*a + 16. Let p be q(15). Let s = k - p. List the prime factors of s.
71
Suppose -3*r = -3*q + 78, -r - 109 = -4*q + 4*r. Suppose q*z + 688 = 29*z. List the prime factors of z.
2, 43
List the prime factors of (355386/42 - 3) + (-24)/42.
2, 4229
Let d(k) = -11*k - 89. Let w(y) = y**2 - 15*y + 23. Let h be w(11). What are the prime factors of d(h)?
2, 71
Suppose 0 = -3*g - s - 14 + 24, -4*g - 3*s + 15 = 0. Suppose g*p = 17*y - 13*y - 1762, 1323 = 3*y - 3*p. List the prime factors of y.
439
Suppose 0 = a + 4*k + 239, k - 6*k + 717 = -3*a. Let v = 141 - a. List the prime factors of v.
2, 5, 19
Let b be -13 + (-18)/22 + (-10)/55. Let p be (-4)/(-5)*(-105)/b. Suppose -p*g = -4*g - 54. List the prime factors of g.
3
List the prime factors of (-6)/((-2 - 1) + -2)*382060/84.
2, 2729
Suppose -222*p - 279056 = -251*p + 309963. What are the prime factors of p?
19, 1069
What are the prime factors of 12/10*-5 - -5 - -14012?
14011
Suppose 126*v + 51548 = 131*v + 3*x, -4*v + 41239 = 3*x. What are the prime factors of v?
13, 61
Suppose 160530 = -84*g + 980706. What are the prime factors of g?
2, 2441
Suppose -3*d + 1689 = 3*x, x = 6*d - 5*d - 567. Let c = d + -444. List the prime factors of c.
11
Let u(j) = 1834*j**2 + 102*j + 836. List the prime factors of u(-7).
2, 3, 7499
Let u = 35 + -29. Suppose -h = -2*h - u. List the prime factors of (7 + h)/(1/69).
3, 23
Suppose 10*g + 617 - 207 = 0. Let b = 45 + g. List the prime factors of (-18 + 0)/(b - (-62)/(-15)).
3, 5
Let n = -740 - -6708. What are the prime factors of n?
2, 373
Suppose 4*v - 374*m - 78574 = -371*m, 2*m = -3*v + 58922. What are the prime factors of v?
2, 7, 23, 61
Let l = -41 - -23. Suppose 6*q + 6*q - 324 = 0. What are the prime factors of (-402)/9*q/l?
67
Let n(k) = 66*k - 11*k**3 + 1170*k**2 + 15*k**3 - 1181*k**2 - 5. What are the prime factors of n(6)?
859
Let i = -80 - -87. Suppose 0 = d - i + 11, d = -5*y + 361. List the prime factors of y.
73
Suppose 0 = -5*d - 3*c + 3, -5*d - 2*c - 1 = -3. Suppose -161 = 3*g - 5*r - 602, -3*g + 3*r + 435 = d. List the prime factors of g.
2, 71
Suppose -55 = -55*c + 66*c. Let s(p) = -p**2 - 2*p + 18. List the prime factors of s(c).
3
Let x be -10*(-3)/6 - (-315)/(-9). Let b(n) = -39*n + 100. What are the prime factors of b(x)?
2, 5, 127
Suppose 2 = 30*s - 58. Suppose s*i = -4*o + 802, -3*o - 5*i + 702 = 83. List the prime factors of o.
2, 3, 11
Let m(k) = -8*k**2 + 1341*k + 64. What are the prime factors of m(118)?
2, 5, 4691
Let u = 12704 - 4988. What are the prime factors of u?
2, 3, 643
Suppose 4*v = 10781 + 36775. What are the prime factors of v?
3, 1321
Let n(q) = 79*q**2 - 65*q - 585. What are the prime factors of n(-12)?
3, 7, 19, 29
Let g = 793 + -731. Let c = 379 + g. List the prime factors of c.
3, 7
Let t(g) = -105*g**3 + 62*g**2 + 226*g - 23. What are the prime factors of t(-7)?
2, 31, 151
Let u(b) = 2238*b + 8783. List the prime factors of u(9).
5, 13, 89
Let u = 24296 + -14753. What are the prime factors of u?
3, 3181
Suppose 5*m = -4*y + 20503 + 3946, 3*y + 2*m - 18328 = 0. Suppose -5*z - 3*r + y - 1301 = 0, 2*r - 10 = 0. List the prime factors of z.
2, 479
What are the prime factors of (-22 + 14)/(-4) - -20775?
79, 263
Let v(a) = -7*a + 96. Let y be v(14). List the prime factors of (-39)/y*(-1 + (-235)/(-15)).
2, 11, 13
Let m(d) be the second derivative of d**5/20 - d**4/6 + 2*d**3/3 - 4*d. Let b be m(2). Suppose -61 = -f + 5*q, b - 4 = 4*q. What are the prime factors of f?
2, 3, 11
Let w be 0 + (-1 - 1) + -166. Let s = w - -347. Suppose s - 675 = -8*m. List the prime factors of m.
2, 31
Suppose -x - 1284 = -1310. Suppose x*z - 9000 = 8*z. List the prime factors of z.
2, 5
Suppose 24*a + 2 = 20*a - u, -2*u - 4 = 2*a. Suppose t + y - 942 = 0, a = -8*y + 10*y. List the prime factors of t.
2, 3, 157
Let g = -286 + 186. Let z be (1 - g)/(4/4). Suppose 0 = -5*i + 4 + z. What are the prime factors of i?
3, 7
Let o(d) = d**3 + 13*d**2 - 33*d - 41. Let i be o(-15). Suppose 4*c - i*v - 5216 = 0, -9*c - 2*v + 5186 = -5*c. List the prime factors of c.
3, 433
Let c = -4555 + 6713. What are the prime factors of c?
2, 13, 83
Let m = -39 + 25. Let k(p) = -26*p + 44. What are the prime factors of k(m)?
2, 3, 17
Let k = 65421 - 4463. What are the prime factors of k?
2, 29, 1051
What are the prime factors of -13 + (-10 - (-3141 - -2))?
2, 19, 41
Let o be (8 - -1) + (-4 - -1). Let s(c) = 6 + 4 + 2 - 5 + 11*c. What are the prime factors of s(o)?
73
Let f be ((3/6 + -1)*0)/(-1). Let d be (-22)/(-8) + 6/24. Suppose -d*u + 389 - 11 = f. List the prime factors of u.
2, 3, 7
Suppose -134034 = -4*z - 3*q - 12054, 3*z - 3*q = 91485. List the prime factors of z.
3, 5, 19, 107
Let b be 63/(-14)*28/(-63). Suppose p + 1992 = 4*m, -2*m - p + b*p = -994. What are the prime factors of m?
499
Let b(y) be the third derivative of 0*y - 1/3*y**3 - 13*y**2 + 7/60*y**5 + 1/120*y**6 - 5/12*y**4 + 0. List the prime factors of b(-7).
2, 17
Let g(f) = -f**3 - 11*f**2 + 18*f + 16. Let x be g(-13). Suppose 74 = s - x. What are the prime factors of s?
2, 97
Let r(u) = -3*u**3 - 3*u**2 - 2*u - 11. Let k be r(-3). Suppose k*l - 1185 = 46*l. What are the prime factors of l?
5, 79
Let h(r) be the second derivative of -r**5/20 - 7*r**4/4 - r**3/6 + 9*r**2 + 20*r. Suppose q + 8 + 13 = 0. What are the prime factors of h(q)?
3, 13
Suppose -6*h + 32722 = -13604. What are the prime factors of h?
7, 1103
Let v = -232 - -242. Suppose -v*a = -952 - 448. List the prime factors of a.
2, 5, 7
Let c be 1089/7 + 1/(-63)*-27. Let d = 163 - c. List the prime factors of d.
7
Suppose 6 - 30 = -x. Suppose 0 = 28*s - x*s - 1288. What are the prime factors of s?
2, 7, 23
Let q be ((-8)/(-6))/((-24)/(-108)). Let d be 2 - (q/9)/(1/3). Suppose 3*f - 387 - 33 = d. List the prime factors of f.
2, 5, 7
Suppose 9*c - 4587 = 10614. Suppose -l - 49 = a - c, 4*l = 2*a - 3304. List the prime factors of a.
2, 3, 137
Let q = -23642 - -35563. What are the prime factors of q?
7, 13, 131
Let b(c) = -c**3 - 4*c**2 + 9*c - 9. Let k be b(-6). Suppose -k*j = j + 90. What are the prime factors of 6/9*j/(-2)?
3
Suppose 2*z - 4*z = -4*u - 24, 3*u = 9. Suppose 0 = -z*x + 808 + 4142. Let h = -73 + x. List the prime factors of h.
2, 101
Suppose -5*o - 234*f + 48050 = -239*f, 6*f - 19220 = -2*o. List the prime factors of o.
2, 5, 31
Suppose -3*q = -5*n + 101 + 179, 0 = 3*q + 3*n + 240. Suppose 0*f = 2*f + 34. List the prime factors of (-382)/(-10) - f/q.
2, 19
Let o(c) = c**3 + 6*c**2 - 11*c + 2. Let p(t) = t**3 - 13*t**2 - 14*t + 3. Let z be 